{"id":199,"date":"2021-04-09T04:39:29","date_gmt":"2021-04-09T02:39:29","guid":{"rendered":"http:\/\/www.kajakkurser.se\/?page_id=199"},"modified":"2025-11-03T22:13:16","modified_gmt":"2025-11-03T21:13:16","slug":"kurs-b-kustturer-1","status":"publish","type":"page","link":"https:\/\/www.kajakkurser.se\/?page_id=199","title":{"rendered":"Paddelpasset GR\u00d6N kurs"},"content":{"rendered":"<p><span style=\"color: #000000;\"><b>EPP 2\/gr\u00f6n niv\u00e5\/grund o progression<\/b><\/span><\/p>\n<p>Samma tekniker g\u00e4llande man\u00f6ver och f\u00f6rflyttning som i Kurs A + Grunder samt l\u00e5gt och\u00a0 ev. h\u00f6gt st\u00f6d, styrning genom lutning\/kantning,\u00a0 olika Styrtekniker med paddeln, f\u00f6rligt roder, kontring etc. Kamratr\u00e4ddning och egen r\u00e4ddning efter kapsejsning. Vi f\u00f6rflyttar oss mellan \u00f6ar i innersk\u00e4rg\u00e5rden f\u00f6r optimala f\u00f6rh\u00e5llanden.<\/p>\n<p><a href=\"https:\/\/kanot.com\/utbildning\/paddelpasset\/gron---niva-2\/kajak-gron\">Kajak Gr\u00f6n | Svenska Kanotf\u00f6rbundet<\/a><\/p>\n<p>seakayakbilldal@gmail.com \u00a0\u00a0 +46 (0)701488503<\/p>\n<p>Heldag \u00a0 \u00a0 1750 kronor + ev kajak 200:-, torrdr\u00e4kt 100:- (kajak + torrdr\u00e4kt 250:-) All inclusive allts\u00e5 2000:-<\/p>\n","protected":false},"excerpt":{"rendered":"<p>EPP 2\/gr\u00f6n niv\u00e5\/grund o progression Samma tekniker g\u00e4llande man\u00f6ver och f\u00f6rflyttning som i Kurs A + Grunder samt l\u00e5gt och\u00a0 ev. h\u00f6gt st\u00f6d, styrning genom lutning\/kantning,\u00a0 olika Styrtekniker med paddeln, f\u00f6rligt roder, kontring etc. Kamratr\u00e4ddning och egen r\u00e4ddning efter kapsejsning. Vi f\u00f6rflyttar oss mellan \u00f6ar i innersk\u00e4rg\u00e5rden f\u00f6r optimala f\u00f6rh\u00e5llanden. Kajak Gr\u00f6n | Svenska Kanotf\u00f6rbundet &hellip; <a href=\"https:\/\/www.kajakkurser.se\/?page_id=199\" class=\"more-link\">Continue reading <span class=\"screen-reader-text\">Paddelpasset GR\u00d6N kurs<\/span> <span class=\"meta-nav\">&rarr;<\/span><\/a><\/p>\n","protected":false},"author":1,"featured_media":2183,"parent":41,"menu_order":2,"comment_status":"open","ping_status":"open","template":"","meta":[],"_links":{"self":[{"href":"https:\/\/www.kajakkurser.se\/index.php?rest_route=\/wp\/v2\/pages\/199"}],"collection":[{"href":"https:\/\/www.kajakkurser.se\/index.php?rest_route=\/wp\/v2\/pages"}],"about":[{"href":"https:\/\/www.kajakkurser.se\/index.php?rest_route=\/wp\/v2\/types\/page"}],"author":[{"embeddable":true,"href":"https:\/\/www.kajakkurser.se\/index.php?rest_route=\/wp\/v2\/users\/1"}],"replies":[{"embeddable":true,"href":"https:\/\/www.kajakkurser.se\/index.php?rest_route=%2Fwp%2Fv2%2Fcomments&post=199"}],"version-history":[{"count":21,"href":"https:\/\/www.kajakkurser.se\/index.php?rest_route=\/wp\/v2\/pages\/199\/revisions"}],"predecessor-version":[{"id":3323,"href":"https:\/\/www.kajakkurser.se\/index.php?rest_route=\/wp\/v2\/pages\/199\/revisions\/3323"}],"up":[{"embeddable":true,"href":"https:\/\/www.kajakkurser.se\/index.php?rest_route=\/wp\/v2\/pages\/41"}],"wp:featuredmedia":[{"embeddable":true,"href":"https:\/\/www.kajakkurser.se\/index.php?rest_route=\/wp\/v2\/media\/2183"}],"wp:attachment":[{"href":"https:\/\/www.kajakkurser.se\/index.php?rest_route=%2Fwp%2Fv2%2Fmedia&parent=199"}],"curies":[{"name":"wp","href":"https:\/\/api.w.org\/{rel}","templated":true}]}}