{"id":969,"date":"2021-03-09T08:33:42","date_gmt":"2021-03-09T07:33:42","guid":{"rendered":"http:\/\/www.kajakkurser.se\/?page_id=969"},"modified":"2026-03-01T13:42:08","modified_gmt":"2026-03-01T12:42:08","slug":"kajakturer","status":"publish","type":"page","link":"https:\/\/www.kajakkurser.se\/?page_id=969","title":{"rendered":"Kajakturer\/tours"},"content":{"rendered":"<hr \/>\n<p><strong>Heldagsstur via Fjordholmarna till Val\u00f6, Kungs\u00f6, Vr\u00e5ng\u00f6 9-17:00<\/strong>. 1200:- inkl kajak (egen kajak avdrag 200:- egen torrdr\u00e4kt avdrag 100:-\/ <em>Full Day trip to the outer archipelago and back, 9-17:00, 1200 Skr (kayak and dry-suit included) 22-24 km\/12-13 nmi.\u00a0<\/em><\/p>\n<ol>\n<li>L\u00f6rdag 2 maj, 09:00-17:00<\/li>\n<li>Suggest a day&#8230;<\/li>\n<\/ol>\n<p><img decoding=\"async\" loading=\"lazy\" class=\"aligncenter size-thumbnail wp-image-2177\" src=\"http:\/\/www.kajakkurser.se\/wp-content\/uploads\/2015\/03\/89025508_2705795026135866_2662437475032498176_n-150x150.jpg\" alt=\"89025508_2705795026135866_2662437475032498176_n\" width=\"150\" height=\"150\" \/><\/p>\n<p>Bilder fr\u00e5n tidigare turer: www.facebook.com\/SeaKayakBilldal<\/p>\n<p><strong>Guidade turer i innersk\u00e4rg\u00e5rden, 3-4 timmar<\/strong>\/ <em>Guided trips in the inner archipelago, 3-4 hours<\/em>. F\u00f6resl\u00e5 datum <em>(Tell us when you want to do this tour and we&#8217;ll try to\u00a0arrange that)<\/em>\u00a0800kr (kajak ing\u00e5r). Har du egen kajak s\u00e5 kostar turen 500:-<\/p>\n<ol>\n<li>Torsdag 14 maj, (8 platser)<\/li>\n<li>Torsdag 21 maj, (abonnerad tur, fullbokad)<\/li>\n<li>Torsdag 28 maj (abonnerad tur, fullbokad)<\/li>\n<li>Onsdag 3 juni (abonnerad tur, fullbokad)<\/li>\n<li>F\u00f6resl\u00e5 datum\/Suggest a day<\/li>\n<\/ol>\n<p>Bokas via\/<em>Book through<\/em>\u00a0Mikael Svalstrand, 0701488503 eller\/or seakayakbilldal@gmail.com<\/p>\n<div>Ring eller skicka e-post om ni \u00f6nskar boka\u00a0en tur, s\u00e5 f\u00f6rs\u00f6ker vi hitta ett datum som passar er.<\/div>\n<div><\/div>\n<p><strong>M\u00f6rker- o mareldspaddlingar.<\/strong>\u00a0Kv\u00e4llar\u00a0som\u00a0kan bjuda\u00a0p\u00e5 solnedg\u00e5ng, fint paddelvatten, mareld, fullm\u00e5ne etc.\u00a0 800kr (kajak och ev torrdr\u00e4kt ing\u00e5r). Har du egen kajak och torrdr\u00e4kt kostar turen 500kr. Darkness and SeaFire\/Bioluminiscense call\/sms Mikael +46 (0)701488503 or email: seakayakbilldal@gmail.com<\/p>\n<p><img decoding=\"async\" loading=\"lazy\" class=\"aligncenter size-thumbnail wp-image-2181\" src=\"http:\/\/www.kajakkurser.se\/wp-content\/uploads\/2015\/03\/mareldsbild-150x150.jpg\" alt=\"mareldsbild\" width=\"150\" height=\"150\" \/><\/p>\n<ol>\n<li>F\u00f6resl\u00e5 sj\u00e4lv datum d\u00e5 ni skulle vilja ge er ut. Bespoke: when do you want to paddle? Suggest when and we&#8217;ll try to arrange a tour that day.<\/li>\n<\/ol>\n<p>Bokas via\/<em>Book through<\/em>\u00a0Mikael Svalstrand, 0701488503, seakayakbilldal@gmail.com<\/p>\n<p><strong>LUCIAPADDLING\u00a0 DECEMBER 2026 l\u00f6rdag 12 december<\/strong><\/p>\n<p>Vi lyser upp tillvaron med en stunds paddling, fika i Drottningviken, Stora Amund\u00f6n, sk\u00f6ns\u00e5ng (n\u00e5v\u00e4l&#8230;) med Santa Lucia p\u00e5 italienska&#8230;<\/p>\n<p>Prelimin\u00e4rt L\u00f6rdag 12 december<\/p>\n<p>Samling 14:00 Billdalsbadet (vi r\u00e4knar med att vara tillbaka och ha sk\u00f6ljt av och tv\u00e4ttat utrustning klockan 18:00 senast &#8211; kan bli kortare om v\u00e4dret \u00e4r riktigt bistert). Beh\u00f6ver du hyra utrustning beh\u00f6ver du vara i skjulet uppe p\u00e5 parkeringen fr\u00e5n 13:30.\u00a0 Turen \u00e4r gratis men vi uppskattar om du vill sk\u00e4nka 100kr eller mer till Musikhj\u00e4lpen och aktuellt tema. OBS! Delvis paddling i m\u00f6rker<\/p>\n<p>Hyra av utrustning: kajak 250:-, torrdr\u00e4kt 150:-<\/p>\n<p>Anm\u00e4l dig till seakayakbilldal@gmail.com eller 0701488503<img decoding=\"async\" loading=\"lazy\" class=\"aligncenter size-thumbnail wp-image-2180\" src=\"http:\/\/www.kajakkurser.se\/wp-content\/uploads\/2015\/03\/20181215_144408-150x150.jpg\" alt=\"20181215_144408\" width=\"150\" height=\"150\" \/><\/p>\n","protected":false},"excerpt":{"rendered":"<p>Heldagsstur via Fjordholmarna till Val\u00f6, Kungs\u00f6, Vr\u00e5ng\u00f6 9-17:00. 1200:- inkl kajak (egen kajak avdrag 200:- egen torrdr\u00e4kt avdrag 100:-\/ Full Day trip to the outer archipelago and back, 9-17:00, 1200 Skr (kayak and dry-suit included) 22-24 km\/12-13 nmi.\u00a0 L\u00f6rdag 2 maj, 09:00-17:00 Suggest a day&#8230; Bilder fr\u00e5n tidigare turer: www.facebook.com\/SeaKayakBilldal Guidade turer i innersk\u00e4rg\u00e5rden, 3-4 &hellip; <a href=\"https:\/\/www.kajakkurser.se\/?page_id=969\" class=\"more-link\">Continue reading <span class=\"screen-reader-text\">Kajakturer\/tours<\/span> <span class=\"meta-nav\">&rarr;<\/span><\/a><\/p>\n","protected":false},"author":1,"featured_media":2178,"parent":93,"menu_order":0,"comment_status":"closed","ping_status":"closed","template":"","meta":[],"_links":{"self":[{"href":"https:\/\/www.kajakkurser.se\/index.php?rest_route=\/wp\/v2\/pages\/969"}],"collection":[{"href":"https:\/\/www.kajakkurser.se\/index.php?rest_route=\/wp\/v2\/pages"}],"about":[{"href":"https:\/\/www.kajakkurser.se\/index.php?rest_route=\/wp\/v2\/types\/page"}],"author":[{"embeddable":true,"href":"https:\/\/www.kajakkurser.se\/index.php?rest_route=\/wp\/v2\/users\/1"}],"replies":[{"embeddable":true,"href":"https:\/\/www.kajakkurser.se\/index.php?rest_route=%2Fwp%2Fv2%2Fcomments&post=969"}],"version-history":[{"count":306,"href":"https:\/\/www.kajakkurser.se\/index.php?rest_route=\/wp\/v2\/pages\/969\/revisions"}],"predecessor-version":[{"id":3343,"href":"https:\/\/www.kajakkurser.se\/index.php?rest_route=\/wp\/v2\/pages\/969\/revisions\/3343"}],"up":[{"embeddable":true,"href":"https:\/\/www.kajakkurser.se\/index.php?rest_route=\/wp\/v2\/pages\/93"}],"wp:featuredmedia":[{"embeddable":true,"href":"https:\/\/www.kajakkurser.se\/index.php?rest_route=\/wp\/v2\/media\/2178"}],"wp:attachment":[{"href":"https:\/\/www.kajakkurser.se\/index.php?rest_route=%2Fwp%2Fv2%2Fmedia&parent=969"}],"curies":[{"name":"wp","href":"https:\/\/api.w.org\/{rel}","templated":true}]}}